14
Suppose 134*q = 50*q + 13104. What is the highest common divisor of q and 1599?
39
Let b be -5 + 12/(-5 + 7). Let x be b + 4 + -5 + 15. What is the greatest common factor of 30 and x?
15
Suppose -16*w - 31775 + 44991 = 0. Calculate the greatest common divisor of w and 1062.
118
Let j(y) = -1784*y - 8680. Let s be j(-5). Calculate the highest common factor of 4272 and s.
48
Let h(n) = 102*n**2 - 71*n - 349. Let v be h(-6). Calculate the highest common divisor of 46 and v.
23
Let k be (4 - 0) + (-2)/2. Let a be ((-100)/6)/((-2)/6). Suppose -4*j + 2*q + 83 + 27 = 0, -2*j + a = -2*q. Calculate the greatest common divisor of j and k.
3
Let x = -64 - -25. Let q = x + 84. Let z = -187 - -192. What is the greatest common divisor of q and z?
5
Suppose 2*k + 5*u - 1185 = 0, -17*k + 18*k - 586 = 4*u. Calculate the highest common divisor of k and 472.
118
Let c(i) = 217*i**3 + 3*i**2 - 4*i. Let u be c(1). Let f be -20*5/(-20) + (-1 - -4). Calculate the greatest common factor of u and f.
8
Let v = -231 - -356. Suppose 5*g - v = -0*g. Let m be ((-78)/21 + 3)/((-4)/28). What is the greatest common divisor of g and m?
5
Let u(w) = -14*w + 152. Let i be u(15). Let q = i - -188. Calculate the highest common divisor of q and 234.
26
Let q = 5 - 1. Let r(b) = b**3 + 9*b**2 - 8*b + 40. Suppose 0 = 4*h - 7*h + f - 28, 10 = -5*f. Let g be r(h). Calculate the highest common factor of g and q.
4
Suppose 0 = 5*k - 8*k + 168. Let n(r) = 17*r - 38. Let q be n(3). Suppose -41 = -4*y + 4*f - f, -2*y = -3*f - q. What is the greatest common divisor of k and y?
14
Let g = 36 - 16. Suppose g = -0*r + 2*r. Suppose r*p - 6*p = 20. What is the greatest common divisor of p and 55?
5
Suppose 0 = 3*w + 9, -7*d + 10*d - 2*w - 534 = 0. Calculate the greatest common factor of 848 and d.
16
Suppose -5*t + 4*a + 3861 = 0, -3*t + 4*a + 6168 = 5*t. Calculate the highest common divisor of 3 and t.
1
Suppose -2*o - 21 - 129 = 0. Let i be (-90)/o*3/((-18)/(-75)). Suppose -z + 29 = 4. Calculate the highest common factor of z and i.
5
Let s be (26/(-4))/((-2)/(-12)). Let h be 1658/12 + (-6)/36. Let i = s + h. What is the highest common factor of 11 and i?
11
Let p be (-12 + 11)/((-3)/60). Calculate the highest common factor of 5620 and p.
20
Let z = -63814 + 63840. Let k(f) = 417*f - 1. Let w be k(1). What is the highest common divisor of w and z?
26
Suppose 0 = -k + 5*u, 4*k - 57 = u - 0*u. Let w be ((-9)/(-2))/3*(-2160)/(-27). What is the greatest common factor of w and k?
15
Suppose -4*x + 4321 = w, 3*x - 3232 = 86*w - 85*w. What is the highest common factor of x and 91?
13
Let y = -27091 + 27210. What is the highest common factor of y and 2584?
17
Let s = 184 + -127. Suppose 3*d - 7*d + 2*f = -1826, f + 1 = 0. Calculate the highest common divisor of d and s.
57
Suppose -20 = -5*b + 45. Let m = -1410 - -1540. Calculate the highest common divisor of m and b.
13
Let m = -3839 - -3949. Suppose 5*b + 4*w = 817, -3*w - 666 = -2*b - 2*b. What is the highest common divisor of b and m?
55
Suppose 7*m - 70 = 6*m. Let c = 12600 - 11760. What is the greatest common divisor of m and c?
70
Suppose -58*q - 46 = -57*q. Let m = -5 + -25. Let z = m - q. What is the highest common divisor of z and 48?
16
Let i = -150 - -358. Suppose 19*u - i = 17*u. Calculate the highest common factor of 8 and u.
8
Suppose -2*g + 2*t = -200, 214 = 3*g - 5*t - 92. Let q = -105 + g. Let b = q - -74. Calculate the greatest common factor of 11 and b.
11
Let i = 1030 + -1027. Calculate the greatest common factor of i and 1476.
3
Let c = -2 + 2. Let b(j) = -j + 132. Let r be b(c). Suppose 20*v - 12*v - 9*v = -12. Calculate the highest common divisor of r and v.
12
Let i(p) = 1640*p**2 + 126*p - 406. Let o be i(3). What is the highest common factor of o and 116?
116
Suppose -12*g = -15 - 33. Let b be (-4 + 1)*52/39*-47. What is the highest common factor of g and b?
4
Let t(l) = 8*l**2 + 2*l + 1. Let p be t(-2). Let w be 133 + 4 + (-120)/(-15). Calculate the highest common factor of p and w.
29
Let y be (-9)/(-4) - (-55)/(-44). Let g be y/(-2) - (9 + (-588)/8). What is the highest common divisor of g and 48?
16
Let c(x) = x**2 - 40*x + 406. Let l be c(13). Calculate the highest common divisor of 341 and l.
11
Let l = 3 + -3. Let z = 6 + l. Let s be ((-72)/132)/(12/(-132)). What is the highest common divisor of s and z?
6
Suppose 11*y + 649 - 2490 = 2834. Suppose 0 = -4*j - 3*u + 114 + 238, -332 = -4*j + 2*u. Calculate the highest common factor of j and y.
85
Let p be ((-12)/(-8))/(-3*(-3)/(-18)). Let b = 11 + p. Suppose 130 = b*f - 214. What is the highest common factor of 301 and f?
43
Let a(c) = 53*c + 137. Let t be a(-10). Let b = 397 + t. Suppose -3*q + 222 = 3*y, 16 - 6 = -5*q. What is the greatest common divisor of y and b?
4
Let t(v) = 11*v - 77. Let k be t(7). Suppose 2*n + k*a = a + 20, -5*a - 28 = -4*n. Suppose -55*g + 56*g = n. Calculate the highest common divisor of g and 42.
6
Let k(n) = -n**3 - 14*n**2 + 15*n + 16. Let u be k(-15). Let i(r) = 3*r**2 - 47*r + 2. Let m be i(u). What is the highest common divisor of 99 and m?
9
Let p be (-21)/(-56) + 20159/152. What is the highest common factor of 1501 and p?
19
Let y be (-1179996)/1712*(-28)/3. Calculate the greatest common divisor of y and 7.
7
Let v be (6/4)/(2/4). Suppose v*b = b + 42. Let u be -3 + 32373/135 + 1/5 - 6. Calculate the highest common divisor of u and b.
21
Let u = 275 + -273. Suppose 6 = t + 5*w, u*t - 5*w + 4*w - 45 = 0. What is the greatest common divisor of t and 189?
21
Let d(m) = 168*m**2 + 91*m - 657. Let n be d(9). Calculate the highest common factor of n and 54.
54
Suppose -1511 = -2*s - 5*h + 684, s - 4*h = 1091. Let a = 155939 + -155924. Calculate the greatest common divisor of s and a.
15
Suppose 0 = -2*c - 4*w + 41 - 5, 23*w - 88 = -3*c. Calculate the highest common divisor of 12362 and c.
14
Let z = -5126 - -5170. Let o(t) = t**3 - t**2 + 2*t + 143. Let f be o(0). What is the highest common divisor of f and z?
11
Suppose -45*u + 224 = -43*u. Suppose -19*i = -12*i - u. What is the highest common divisor of 144 and i?
16
Let x = -24 - -160. Let z = -118 + x. Calculate the highest common divisor of z and 210.
6
Suppose 5*u = -4*v - 259 + 296, 4*v - 5*u - 67 = 0. Calculate the highest common factor of v and 1781.
13
Let d = 36 + -31. Suppose -2*r = -5*u + 8*u - 1232, -d*u + 2055 = 3*r. Calculate the greatest common factor of 46 and u.
46
Suppose 88*s + 91 = 95*s. What is the greatest common factor of 6643 and s?
13
Let l(c) = -3*c**2 + 28*c - 5. Let n be l(6). Calculate the highest common factor of 297 and n.
11
Let f(j) = 118*j - 274. Let z be f(6). Suppose -b + z - 370 = 4*k, 0 = -b. Suppose 0 = -4*n + 10 + 6. What is the greatest common factor of k and n?
4
Let p = 1319 - -1882. Calculate the greatest common divisor of 66 and p.
33
Let q be (-38)/(-323) - 10*475/(-85). Calculate the highest common divisor of 32 and q.
8
Let o be (-1 + -9)/(-2)*1. Suppose 218 = o*g - 197. Suppose -4*h + g + 13 = 0. What is the greatest common divisor of 8 and h?
8
Let a be 1/(115/(-46) - (1 + -3)). Let b be 39072/74 - a/(-2). What is the greatest common factor of 17 and b?
17
Let b = 76 + -46. Suppose 5*z + z = b. Suppose -5*x + z = 0, -6*l = -2*l - x - 83. What is the greatest common factor of 3 and l?
3
Suppose -9819 = -3*g + 150*a - 147*a, 6552 = 2*g - 4*a. What is the highest common divisor of g and 360?
30
Suppose 8*w - 3025 = -849. Calculate the highest common divisor of w and 432.
16
Let x(k) = k**3 - 6*k**2 - 7*k - 3. Let q be x(7). Suppose 86*c + 232 = 1264. Let p = q + c. What is the greatest common factor of 3 and p?
3
Let u(z) = -2*z**2 + 16*z + 4. Let p = -147 + 155. Let w be u(p). What is the greatest common divisor of 4 and w?
4
Let i be 29 + 553 + 2*6. What is the highest common divisor of i and 66?
66
Suppose 272 = -9*r + 4241. Let j = -405 + r. Let g = 8 + -4. What is the greatest common factor of g and j?
4
Let a be -87 + 79 + 36*(-4)/(-3). Let o be 3/(-9) + 4/3. Let j be 1 + o + 396/2. What is the highest common factor of a and j?
40
Let s(t) = t**3 + 6*t**2 + t + 6. Let h be s(-6). Suppose h = 114*f - 110*f - 100. Let b = 100 + -50. Calculate the greatest common divisor of f and b.
25
Suppose -34 + 132 = -2*z. Let y = -40 - z. What